- 5. Let k be y(-5). What is the greatest common factor of k and f?
5
Suppose -10*z - 12*z = -924. What is the highest common divisor of z and 462?
42
Let k(r) = 1 - r - r**2 - 5*r + 4. Suppose 136 = -20*y - 14*y. Let s be k(y). What is the highest common divisor of 91 and s?
13
Let m(g) = g**2 + 133 + g**3 - 28 - g + 0*g. Let n be m(0). What is the highest common divisor of 35 and n?
35
Let m be 2*(-18)/(-4)*-4. Let r be 4 + 0 - m/(-1 + 2). Calculate the greatest common divisor of r and 30.
10
Let a = 3 + 2. Suppose -a + 165 = 4*u. What is the highest common divisor of u and 16?
8
Let p(q) = 0*q + 3*q**3 + q**2 - 3 + 3*q - 2*q**3. Let l be p(2). Suppose 144 = n + 3*m, -m - m + 681 = 5*n. What is the highest common divisor of l and n?
15
Let i(y) = -17*y + y**2 + 13*y - 9*y + 40. Let a be i(11). Let h = -101 + 299. What is the highest common factor of a and h?
18
Suppose -8*w + 12 = 4*w. Let c be ((-22)/(-22))/(w/(0 - -168)). What is the highest common divisor of 28 and c?
28
Let a = -330 + 393. Let r = 10 - 7. Let p = r + 6. Calculate the highest common factor of a and p.
9
Let x(p) = p**3 + 24*p**2 - 26*p - 18. Let h be x(-25). Let f(k) = 2*k. Let z be f(h). Calculate the greatest common divisor of 126 and z.
14
Let a(v) = 646*v**2 + 4*v + 1. Let q be a(1). What is the highest common divisor of 21 and q?
21
Let i(z) = -39*z - 154. Let b be i(-4). Calculate the greatest common divisor of 6 and b.
2
Let q(z) = z**2 - 2*z + 2. Let b be q(2). Suppose y = -4*d - 164, 0 = -b*d - 2*d - 4. Let s = y + 303. Calculate the greatest common factor of s and 13.
13
Let i(j) = 48*j**3 + 3*j + 2. Let u be i(-1). Let n = u - -55. What is the highest common factor of 24 and n?
6
Let o = 31 - -22. Suppose -y + 75 = -o. What is the highest common factor of 16 and y?
16
Let l be (-16)/4*2/(-4). Suppose -l*q - 7*q + 648 = 0. What is the highest common divisor of 9 and q?
9
Suppose -359 = -n - 3*n - 5*o, -5*n - o = -475. Suppose -5*b - s + 399 = -17, 0 = b - 3*s - n. What is the greatest common factor of 12 and b?
12
Let s(l) = -l + 41. Let b be s(15). Let q be b/(-65) + (-1982)/(-5). What is the highest common factor of 36 and q?
36
Let l be 3 - (-47 - -2)/1. What is the highest common divisor of l and 276?
12
Let g = -1 + 6. Suppose -5*z + 8 = -7. Suppose -5*f + 3*f - z*s = -16, 0 = -4*f - s + 22. Calculate the greatest common divisor of g and f.
5
Let s = 26 + -66. Let d be s/3*(-960)/50. What is the highest common factor of d and 32?
32
Let q(d) = -3*d**2 + 12*d - 112. Let r(t) = -5*t**2 + 18*t - 168. Let p(b) = -8*q(b) + 5*r(b). Let v be p(0). What is the highest common factor of 8 and v?
8
Suppose 0 = -5*n + 3 + 47. Suppose -30*v + 25*v - 20 = 0. Let u = 44 + v. Calculate the greatest common factor of u and n.
10
Suppose -19*i + 216 = -16*i + 3*z, 5*z + 102 = i. Calculate the greatest common divisor of 539 and i.
77
Let x be 29 + 49 - -1*3. What is the highest common factor of 9 and x?
9
Suppose 0 = n - v - 2, 0*v = -4*n - 2*v - 10. Let f be 151/1 + (-2 - n). Let q be (7 + 3)*(-9)/(-3). What is the highest common divisor of f and q?
30
Suppose -269*j = -271*j + 110. Calculate the highest common factor of j and 44.
11
Let l = -17 + 11. Let w = 30 + l. Calculate the greatest common factor of 3 and w.
3
Suppose 988 = 4*s + 4*p, 3*s - 701 = 5*p - 0*p. Let u be ((-11)/4)/(3/(-24)). What is the greatest common factor of s and u?
22
Let k be 228 - 0 - (1 + -2). Let j be 2/(-13) - (-791)/(-13). Let p = k + j. What is the highest common factor of p and 21?
21
Let y be 2 + -6 - (-8 + 2). Suppose -y*k + 0 = -4*l - 32, 69 = 5*k + l. Suppose c + c = k. What is the greatest common factor of 14 and c?
7
Let m(h) = 20*h**2 + 16*h - 30. Let j be m(3). Calculate the greatest common divisor of 330 and j.
66
Let y = 155 + -95. Let c be 24/y + (-56)/(-10). Let v be 2/c - 418/(-6). Calculate the highest common factor of v and 14.
14
Let o(u) = u + 23. Let p be o(-10). Let l = 13 - p. Let d be ((-22)/(-1))/(l + 2). What is the highest common factor of d and 11?
11
Let c be (33/(-18))/((-9)/18)*6. Let p be -1 + (0 - 0) + 56. Calculate the greatest common factor of p and c.
11
Let k = 97 - 85. What is the highest common divisor of k and 12?
12
Suppose 79*d = 74*d + 10. What is the greatest common divisor of d and 194?
2
Suppose -4*w + 7*y + 812 = 6*y, -3*w + 609 = -y. Calculate the greatest common divisor of 21 and w.
7
Let l be -2*(-1)/5 + (-191106)/(-135). What is the highest common factor of l and 24?
24
Let t be (5/3)/((-4)/(-36)). Suppose -37 - 32 = -2*n + 3*a, -3*a = -n + 39. Let l be n/5 - (-3)/(-3). What is the highest common factor of t and l?
5
Suppose 0 = 4*b + 3*u - 52, 4*u = 2*u. Suppose z - 3 - 23 = 0. What is the highest common divisor of z and b?
13
Suppose -2*b + 0*b - 3*n + 42 = 0, -b = -5*n + 5. Suppose -5*y + 33 = -7. Suppose -y = -3*u + 1. What is the greatest common factor of b and u?
3
Let v(l) = l**3 + 6*l**2 + 8*l + 8. Let b be v(-4). Suppose 3 = -5*q + b, 0 = -2*s - 2*q + 48. What is the highest common factor of s and 23?
23
Let g = -245 - -386. Let o = g - 41. What is the greatest common divisor of o and 25?
25
Let g(f) = -f**3 - 2*f**2 - 2*f - 2. Let m be g(-2). Calculate the highest common factor of 34 and m.
2
Let b = 29 - -106. Calculate the greatest common factor of 180 and b.
45
Let c = 81 + -52. Let x = c - 4. Calculate the greatest common divisor of x and 5.
5
Let h = 0 + 4. Let w(x) = 3*x - 6. Let f be w(h). Suppose 236 = 37*j - 2*j + 26. What is the greatest common factor of f and j?
6
Suppose -430 = -6*i + 470. Let x = 163 + -103. Calculate the greatest common divisor of x and i.
30
Suppose j + j = 14. Let v(g) = -g**3 + 11*g**2 - 11*g - 7. Let d be v(j). Let s = 14 + 0. What is the greatest common factor of d and s?
14
Let j(o) = o**2 + 8*o - 50. Let m be j(-31). What is the greatest common divisor of m and 39?
39
Let k = -29 - -39. Let x be ((-328)/(-20))/(-4*(-1)/k). Calculate the greatest common divisor of x and 451.
41
Suppose 5*k - 4*j + 5*j - 43 = 0, 0 = 5*j - 15. Let p(o) = -9*o - 15. Let m be p(-3). Calculate the highest common factor of k and m.
4
Let v(z) = z**2 + 4*z + 5. Let p be v(-5). Suppose 0 = 4*w - 3*i - 137, 4*i - 2*i - 26 = -w. Let y = w + -22. What is the highest common factor of y and p?
10
Let s(y) = -13*y**3 + 1. Suppose -2*j - 3 = -5*j. Let x be s(j). Let n be x*6*18/(-8). Calculate the greatest common factor of 18 and n.
18
Let n be (-8 + -90)*2/(-4). Calculate the highest common factor of n and 35.
7
Let k = 50 + -30. Suppose -4*p + k = -p + 2*q, -2*p - 4*q + 8 = 0. Let f be (-4 - (5 - 27)) + -7 + 1. What is the highest common factor of p and f?
4
Let d = 1414 + -1227. Calculate the highest common divisor of d and 34.
17
Let y be (-1)/(-2)*2*-9. Let m = -176 - -201. Let k = m + y. Calculate the greatest common factor of 2 and k.
2
Let x be ((-27)/(-24) - 1) + (-398)/(-16). What is the highest common divisor of x and 25?
25
Let x(z) = -4*z**2 + 56*z - 15. Let i be x(11). What is the highest common factor of i and 13?
13
Let x be ((-20)/25)/(4/(-360)). Calculate the highest common divisor of x and 45.
9
Let w(n) = 70*n + 1. Let y be w(-1). Let o = 73 + y. What is the highest common factor of 3 and o?
1
Suppose h - 288 = -h. Suppose 25*t - 208 = 12*t. What is the highest common factor of h and t?
16
Let i(b) = 12*b + 8. Let h be i(6). Suppose 41*w - h = 39*w. Calculate the highest common factor of 10 and w.
10
Let b = -495 + 538. Calculate the highest common factor of 129 and b.
43
Suppose 5*x = 9*x + 8. Let y be x/(-2) - (-2 - 87). Let g = 35 - 25. Calculate the greatest common divisor of y and g.
10
Let u = -219 - -175. Suppose -2*w = -i - 148, -4*w = -0*w - 4*i - 300. Let v = w + u. What is the highest common factor of 203 and v?
29
Suppose -d = d - 10. Suppose 4*o = 8 + 4, -2*v + d*o + 77 = 0. Let z = -31 + v. Calculate the greatest common factor of z and 60.
15
Let b(v) = v**3 + 2*v**2 + 2. Let c be b(0). Suppose -c*z - 2*z + 32 = -4*k, 3*z - 32 = 5*k. Calculate the highest common factor of z and 1.
1
Suppose 10*f = -4*r + 15*f + 341, 79 = r + 5*f. Calculate the greatest common divisor of r and 108.
12
Let q be (-94)/(-8)*(-28 + 44). What is the greatest common factor of 141 and q?
47
Let t = -71 - -74. Suppose 